{"id":120,"date":"2020-02-18T23:04:09","date_gmt":"2020-02-18T23:04:09","guid":{"rendered":"https:\/\/fotobox-gt.de\/?page_id=120"},"modified":"2020-02-18T23:06:28","modified_gmt":"2020-02-18T23:06:28","slug":"fotobox-guetersloh-impressum","status":"publish","type":"page","link":"https:\/\/fotobox-gt.de\/?page_id=120","title":{"rendered":"Fotobox G\u00fctersloh | Impressum"},"content":{"rendered":"\n<h2 class=\"wp-block-heading\">Verantwortlich f\u00fcr den Inhalt: <\/h2>\n\n\n\n<p>H\u00f6ner, Felix &amp; Rolf, Timon GbR<br>Johannisstra\u00dfe 30b<br>33335 G\u00fctersloh<br><br>Umsatzsteuer-ID-Nr.: DE327539385<\/p>\n\n\n\n<h2 class=\"wp-block-heading\">Kontakt<\/h2>\n\n\n\n<p>info@fotobox-gt.de<br>+49 5241 4033358<\/p>\n","protected":false},"excerpt":{"rendered":"<p>Verantwortlich f\u00fcr den Inhalt: H\u00f6ner, Felix &amp; Rolf, Timon GbRJohannisstra\u00dfe 30b33335 G\u00fctersloh Umsatzsteuer-ID-Nr.: DE327539385 Kontakt info@fotobox-gt.de+49 5241 4033358<\/p>\n","protected":false},"author":1,"featured_media":0,"parent":0,"menu_order":0,"comment_status":"closed","ping_status":"closed","template":"","meta":{"gt_page_layout":"","gt_hide_page_title":false,"gt_remove_bottom_margin":false,"footnotes":""},"class_list":["post-120","page","type-page","status-publish","hentry"],"jetpack_sharing_enabled":true,"_links":{"self":[{"href":"https:\/\/fotobox-gt.de\/index.php?rest_route=\/wp\/v2\/pages\/120","targetHints":{"allow":["GET"]}}],"collection":[{"href":"https:\/\/fotobox-gt.de\/index.php?rest_route=\/wp\/v2\/pages"}],"about":[{"href":"https:\/\/fotobox-gt.de\/index.php?rest_route=\/wp\/v2\/types\/page"}],"author":[{"embeddable":true,"href":"https:\/\/fotobox-gt.de\/index.php?rest_route=\/wp\/v2\/users\/1"}],"replies":[{"embeddable":true,"href":"https:\/\/fotobox-gt.de\/index.php?rest_route=%2Fwp%2Fv2%2Fcomments&post=120"}],"version-history":[{"count":2,"href":"https:\/\/fotobox-gt.de\/index.php?rest_route=\/wp\/v2\/pages\/120\/revisions"}],"predecessor-version":[{"id":122,"href":"https:\/\/fotobox-gt.de\/index.php?rest_route=\/wp\/v2\/pages\/120\/revisions\/122"}],"wp:attachment":[{"href":"https:\/\/fotobox-gt.de\/index.php?rest_route=%2Fwp%2Fv2%2Fmedia&parent=120"}],"curies":[{"name":"wp","href":"https:\/\/api.w.org\/{rel}","templated":true}]}}